te the highest common divisor of 16 and 212.
4
What is the highest common factor of 452 and 3051?
113
Calculate the highest common factor of 80 and 112.
16
What is the greatest common factor of 30 and 1820?
10
Calculate the greatest common divisor of 70 and 266.
14
What is the greatest common divisor of 1309 and 88?
11
What is the greatest common divisor of 40 and 100?
20
What is the greatest common divisor of 3196 and 136?
68
Calculate the highest common factor of 300 and 75.
75
What is the highest common factor of 16 and 4072?
8
What is the highest common divisor of 489 and 9?
3
Calculate the greatest common factor of 117 and 9351.
9
Calculate the highest common factor of 6 and 1454.
2
Calculate the greatest common divisor of 119 and 434.
7
What is the greatest common factor of 228 and 1539?
57
What is the highest common divisor of 480 and 30?
30
What is the greatest common divisor of 221 and 117?
13
What is the highest common factor of 20 and 19940?
20
Calculate the greatest common divisor of 46 and 46.
46
Calculate the greatest common factor of 15 and 1215.
15
What is the highest common divisor of 1690 and 10?
10
Calculate the highest common factor of 23 and 2622.
23
Calculate the greatest common divisor of 24 and 736.
8
Calculate the greatest common divisor of 8 and 16.
8
What is the greatest common divisor of 54 and 522?
18
What is the greatest common divisor of 390 and 546?
78
What is the greatest common divisor of 54 and 2046?
6
What is the greatest common factor of 120 and 312?
24
What is the greatest common divisor of 12 and 180?
12
What is the greatest common divisor of 204 and 1?
1
Calculate the greatest common factor of 1 and 950.
1
Calculate the highest common divisor of 91915 and 155.
155
What is the highest common factor of 48 and 312?
24
What is the highest common divisor of 273 and 147?
21
Calculate the greatest common divisor of 448 and 7.
7
Calculate the highest common divisor of 3182 and 86.
86
What is the greatest common factor of 8 and 30232?
8
Calculate the highest common factor of 240 and 512.
16
What is the greatest common factor of 48 and 726?
6
Calculate the highest common factor of 69 and 1587.
69
What is the greatest common factor of 87 and 24?
3
Calculate the highest common divisor of 43510 and 10.
10
Calculate the highest common divisor of 21 and 35.
7
Calculate the highest common divisor of 486 and 18.
18
What is the greatest common divisor of 53 and 2173?
53
What is the greatest common factor of 190 and 57?
19
Calculate the highest common factor of 143 and 13.
13
What is the greatest common factor of 12 and 20?
4
What is the highest common divisor of 100 and 8?
4
Calculate the greatest common factor of 10 and 150.
10
Calculate the highest common factor of 102 and 27914.
34
Calculate the greatest common divisor of 324 and 2754.
162
Calculate the highest common factor of 40 and 24.
8
Calculate the highest common divisor of 9 and 36189.
9
What is the greatest common divisor of 290 and 58?
58
Calculate the highest common divisor of 42 and 84.
42
Calculate the greatest common divisor of 156 and 1794.
78
Calculate the greatest common factor of 81 and 14499.
81
What is the highest common factor of 15895 and 165?
55
What is the highest common factor of 3792 and 816?
48
Calculate the greatest common factor of 52 and 13.
13
What is the greatest common factor of 6592 and 1339?
103
Calculate the greatest common divisor of 1219 and 583.
53
What is the greatest common factor of 69 and 207?
69
Calculate the greatest common factor of 3683 and 381.
127
What is the highest common divisor of 585 and 225?
45
Calculate the highest common divisor of 100 and 25.
25
What is the highest common divisor of 55 and 385?
55
What is the highest common factor of 2 and 15?
1
What is the highest common factor of 1 and 1?
1
What is the greatest common factor of 24 and 132?
12
Calculate the greatest common divisor of 2291 and 29.
29
Calculate the highest common factor of 93 and 248.
31
Calculate the highest common factor of 39 and 3471.
39
What is the greatest common divisor of 5 and 785?
5
What is the highest common divisor of 147 and 14?
7
What is the highest common divisor of 24 and 588?
12
Calculate the highest common divisor of 825 and 264.
33
What is the greatest common factor of 215 and 15?
5
Calculate the greatest common divisor of 17714 and 68.
34
What is the greatest common factor of 212 and 954?
106
What is the greatest common divisor of 14 and 819?
7
Calculate the greatest common factor of 19284 and 12.
12
Calculate the greatest common factor of 255 and 45.
15
Calculate the greatest common factor of 3312 and 24.
24
Calculate the highest common factor of 2147 and 19.
19
Calculate the greatest common divisor of 13560 and 120.
120
What is the highest common divisor of 295 and 118?
59
Calculate the highest common divisor of 8 and 40.
8
What is the highest common factor of 4524 and 52?
52
What is the highest common factor of 384 and 12?
12
What is the greatest common factor of 1316 and 235?
47
Calculate the highest common factor of 32 and 160.
32
What is the greatest common factor of 114 and 7296?
114
What is the greatest common divisor of 1122 and 544?
34
Calculate the greatest common divisor of 77 and 14.
7
Calculate the highest common factor of 26 and 2.
2
Calculate the highest common factor of 1 and 61.
1
Calculate the greatest common divisor of 14 and 9562.
14
What is the highest common factor of 1024 and 16?
16
Calculate the greatest common factor of 20 and 260.
20
Calculate the highest common factor of 25 and 3100.
25
What is the greatest common divisor of 16384 and 96?
32
Calculate the highest common divisor of 378 and 1428.
42
What is the greatest common factor of 57 and 1653?
57
What is the highest common factor of 80 and 476?
4
What is the greatest common factor of 1649 and 97?
97
What is the greatest common factor of 16 and 968?
8
Calculate the greatest common divisor of 39 and 52.
13
What is the greatest common divisor of 806 and 248?
62
What is the greatest common factor of 130 and 6110?
130
What is the highest common divisor of 488 and 5246?
122
Calculate the greatest common factor of 114 and 6.
6
What is the highest common factor of 257 and 31611?
257
What is the greatest common divisor of 114 and 2679?
57
Calculate the highest common factor of 1106 and 2686.
158
What is the highest common factor of 2714 and 23?
23
Calculate the highest common factor of 348 and 522.
174
What is the greatest common factor of 16 and 116?
4
What is the highest common divisor of 156 and 60?
12
What is the greatest common factor of 297 and 21?
3
Calculate the highest common factor of 9 and 1341.
9
Calculate the greatest common divisor of 697 and 34.
17
What is the highest common divisor of 989 and 86?
43
What is the greatest common divisor of 43 and 172?
43
Calculate the highest common divisor of 3 and 813.
3
What is the greatest common factor of 256 and 704?
64
What is the greatest common divisor of 7 and 791?
7
What is the highest common factor of 50542 and 74?
74
Calculate the highest common factor of 349 and 349.
349
What is the highest common divisor of 308 and 140?
28
What is the greatest common divisor of 612 and 34?
34
What is the greatest common divisor of 252 and 11592?
252
What is the highest common factor of 2737 and 168?
7
What is the greatest common divisor of 93 and 248?
31
What is the highest common divisor of 12 and 606?
6
What is the highest common factor of 9 and 1818?
9
Calculate the greatest common factor of 114 and 222.
6
Calculate the highest common divisor of 1632 and 102.
102
Calculate the highest common factor of 2 and 667.
1
Calculate the greatest common factor of 184 and 24.
8
Calculate the highest common factor of 105 and 165.
15
What is the greatest common factor of 814 and 22?
22
What is the highest common factor of 15922 and 114?
38
What is the highest common divisor of 21 and 127?
1
Calculate the greatest common factor of 28 and 1078.
14
What is the highest common divisor of 539 and 77?
77
What is the highest common factor of 12 and 2256?
12
What is the highest common divisor of 20093 and 142?
71
Calculate the highest common factor of 300 and 90.
30
Calculate the highest common divisor of 15894 and 18.
18
W